{"id":77,"date":"2026-03-02T11:05:34","date_gmt":"2026-03-02T11:05:34","guid":{"rendered":"https:\/\/hairyhuskieshundesalon.dk\/?page_id=77"},"modified":"2026-04-16T11:56:23","modified_gmt":"2026-04-16T11:56:23","slug":"galleri","status":"publish","type":"page","link":"https:\/\/hairyhuskieshundesalon.dk\/?page_id=77","title":{"rendered":"Galleri"},"content":{"rendered":"\n<p><\/p>\n\n\n\n<h1 class=\"wp-block-heading has-text-align-center\"><\/h1>\n\n\n\n<p><\/p>\n\n\n\n<p><\/p>\n\n\n\n<p><\/p>\n\n\n\n<h2 class=\"wp-block-heading has-text-align-center\">F\u00f8r<\/h2>\n\n\n\n<figure class=\"wp-block-image aligncenter size-large is-resized\"><img loading=\"lazy\" decoding=\"async\" width=\"683\" height=\"1024\" src=\"https:\/\/hairyhuskieshundesalon.dk\/wp-content\/uploads\/2026\/04\/Valentino-foer-1-683x1024.png\" alt=\"\" class=\"wp-image-259\" style=\"aspect-ratio:0.6669975186104219;width:559px;height:auto\" srcset=\"https:\/\/hairyhuskieshundesalon.dk\/wp-content\/uploads\/2026\/04\/Valentino-foer-1-683x1024.png 683w, https:\/\/hairyhuskieshundesalon.dk\/wp-content\/uploads\/2026\/04\/Valentino-foer-1-200x300.png 200w, https:\/\/hairyhuskieshundesalon.dk\/wp-content\/uploads\/2026\/04\/Valentino-foer-1-768x1152.png 768w, https:\/\/hairyhuskieshundesalon.dk\/wp-content\/uploads\/2026\/04\/Valentino-foer-1.png 1024w\" sizes=\"auto, (max-width: 683px) 100vw, 683px\" \/><\/figure>\n\n\n\n<figure class=\"wp-block-image aligncenter size-large is-resized\"><img loading=\"lazy\" decoding=\"async\" width=\"683\" height=\"1024\" src=\"https:\/\/hairyhuskieshundesalon.dk\/wp-content\/uploads\/2026\/04\/Valentino-foer-2-683x1024.png\" alt=\"\" class=\"wp-image-260\" style=\"width:574px;height:auto\" srcset=\"https:\/\/hairyhuskieshundesalon.dk\/wp-content\/uploads\/2026\/04\/Valentino-foer-2-683x1024.png 683w, https:\/\/hairyhuskieshundesalon.dk\/wp-content\/uploads\/2026\/04\/Valentino-foer-2-200x300.png 200w, https:\/\/hairyhuskieshundesalon.dk\/wp-content\/uploads\/2026\/04\/Valentino-foer-2-768x1152.png 768w, https:\/\/hairyhuskieshundesalon.dk\/wp-content\/uploads\/2026\/04\/Valentino-foer-2.png 1024w\" sizes=\"auto, (max-width: 683px) 100vw, 683px\" \/><\/figure>\n\n\n\n<h2 class=\"wp-block-heading has-text-align-center\">Efter<\/h2>\n\n\n\n<figure class=\"wp-block-image aligncenter size-large is-resized\"><img loading=\"lazy\" decoding=\"async\" width=\"683\" height=\"1024\" src=\"https:\/\/hairyhuskieshundesalon.dk\/wp-content\/uploads\/2026\/04\/Valentino-efter-2-683x1024.png\" alt=\"\" class=\"wp-image-261\" style=\"width:572px;height:auto\" srcset=\"https:\/\/hairyhuskieshundesalon.dk\/wp-content\/uploads\/2026\/04\/Valentino-efter-2-683x1024.png 683w, https:\/\/hairyhuskieshundesalon.dk\/wp-content\/uploads\/2026\/04\/Valentino-efter-2-200x300.png 200w, https:\/\/hairyhuskieshundesalon.dk\/wp-content\/uploads\/2026\/04\/Valentino-efter-2-768x1152.png 768w, https:\/\/hairyhuskieshundesalon.dk\/wp-content\/uploads\/2026\/04\/Valentino-efter-2.png 1024w\" sizes=\"auto, (max-width: 683px) 100vw, 683px\" \/><\/figure>\n\n\n\n<figure class=\"wp-block-image aligncenter size-large is-resized\"><img loading=\"lazy\" decoding=\"async\" width=\"1024\" height=\"683\" src=\"https:\/\/hairyhuskieshundesalon.dk\/wp-content\/uploads\/2026\/04\/Valentino-efter-1-1024x683.png\" alt=\"\" class=\"wp-image-262\" style=\"aspect-ratio:1.4993061790874214;width:574px;height:auto\" srcset=\"https:\/\/hairyhuskieshundesalon.dk\/wp-content\/uploads\/2026\/04\/Valentino-efter-1-1024x683.png 1024w, https:\/\/hairyhuskieshundesalon.dk\/wp-content\/uploads\/2026\/04\/Valentino-efter-1-300x200.png 300w, https:\/\/hairyhuskieshundesalon.dk\/wp-content\/uploads\/2026\/04\/Valentino-efter-1-768x512.png 768w, https:\/\/hairyhuskieshundesalon.dk\/wp-content\/uploads\/2026\/04\/Valentino-efter-1.png 1536w\" sizes=\"auto, (max-width: 1024px) 100vw, 1024px\" \/><\/figure>\n\n\n\n<p><\/p>\n\n\n\n<h2 class=\"wp-block-heading has-text-align-center\">F\u00f8r<\/h2>\n\n\n\n<figure class=\"wp-block-image aligncenter size-large is-resized\"><img loading=\"lazy\" decoding=\"async\" width=\"768\" height=\"1024\" src=\"https:\/\/hairyhuskieshundesalon.dk\/wp-content\/uploads\/2026\/03\/650643537_18060010808397505_3372917845566162476_n-768x1024.jpg\" alt=\"\" class=\"wp-image-111\" style=\"aspect-ratio:0.7500135950840177;width:571px;height:auto\" srcset=\"https:\/\/hairyhuskieshundesalon.dk\/wp-content\/uploads\/2026\/03\/650643537_18060010808397505_3372917845566162476_n-768x1024.jpg 768w, https:\/\/hairyhuskieshundesalon.dk\/wp-content\/uploads\/2026\/03\/650643537_18060010808397505_3372917845566162476_n-225x300.jpg 225w, https:\/\/hairyhuskieshundesalon.dk\/wp-content\/uploads\/2026\/03\/650643537_18060010808397505_3372917845566162476_n-1152x1536.jpg 1152w, https:\/\/hairyhuskieshundesalon.dk\/wp-content\/uploads\/2026\/03\/650643537_18060010808397505_3372917845566162476_n.jpg 1242w\" sizes=\"auto, (max-width: 768px) 100vw, 768px\" \/><\/figure>\n\n\n\n<figure class=\"wp-block-image aligncenter size-large is-resized\"><img loading=\"lazy\" decoding=\"async\" width=\"768\" height=\"1024\" src=\"https:\/\/hairyhuskieshundesalon.dk\/wp-content\/uploads\/2026\/03\/1000_F_118874087_414nX1auMugFwRwK79je2oO26rftihGd-1-768x1024.jpg\" alt=\"\" class=\"wp-image-160\" style=\"width:571px;height:auto\" srcset=\"https:\/\/hairyhuskieshundesalon.dk\/wp-content\/uploads\/2026\/03\/1000_F_118874087_414nX1auMugFwRwK79je2oO26rftihGd-1-768x1024.jpg 768w, https:\/\/hairyhuskieshundesalon.dk\/wp-content\/uploads\/2026\/03\/1000_F_118874087_414nX1auMugFwRwK79je2oO26rftihGd-1-225x300.jpg 225w, https:\/\/hairyhuskieshundesalon.dk\/wp-content\/uploads\/2026\/03\/1000_F_118874087_414nX1auMugFwRwK79je2oO26rftihGd-1-1152x1536.jpg 1152w, https:\/\/hairyhuskieshundesalon.dk\/wp-content\/uploads\/2026\/03\/1000_F_118874087_414nX1auMugFwRwK79je2oO26rftihGd-1.jpg 1242w\" sizes=\"auto, (max-width: 768px) 100vw, 768px\" \/><\/figure>\n\n\n\n<p><\/p>\n\n\n\n<h2 class=\"wp-block-heading has-text-align-center\">Efter<\/h2>\n\n\n\n<figure class=\"wp-block-image aligncenter size-large\"><img loading=\"lazy\" decoding=\"async\" width=\"576\" height=\"1024\" src=\"https:\/\/hairyhuskieshundesalon.dk\/wp-content\/uploads\/2026\/03\/647412669_122103849951274318_2142977574544725821_n-1-576x1024.jpg\" alt=\"\" class=\"wp-image-161\" srcset=\"https:\/\/hairyhuskieshundesalon.dk\/wp-content\/uploads\/2026\/03\/647412669_122103849951274318_2142977574544725821_n-1-576x1024.jpg 576w, https:\/\/hairyhuskieshundesalon.dk\/wp-content\/uploads\/2026\/03\/647412669_122103849951274318_2142977574544725821_n-1-169x300.jpg 169w, https:\/\/hairyhuskieshundesalon.dk\/wp-content\/uploads\/2026\/03\/647412669_122103849951274318_2142977574544725821_n-1-768x1365.jpg 768w, https:\/\/hairyhuskieshundesalon.dk\/wp-content\/uploads\/2026\/03\/647412669_122103849951274318_2142977574544725821_n-1-864x1536.jpg 864w, https:\/\/hairyhuskieshundesalon.dk\/wp-content\/uploads\/2026\/03\/647412669_122103849951274318_2142977574544725821_n-1.jpg 1152w\" sizes=\"auto, (max-width: 576px) 100vw, 576px\" \/><\/figure>\n\n\n\n<figure class=\"wp-block-image aligncenter size-large is-resized\"><img loading=\"lazy\" decoding=\"async\" width=\"768\" height=\"1024\" src=\"https:\/\/hairyhuskieshundesalon.dk\/wp-content\/uploads\/2026\/03\/650414493_18060010799397505_4124791430772509387_n-1-768x1024.jpg\" alt=\"\" class=\"wp-image-162\" style=\"aspect-ratio:0.7500129634430904;width:578px;height:auto\" srcset=\"https:\/\/hairyhuskieshundesalon.dk\/wp-content\/uploads\/2026\/03\/650414493_18060010799397505_4124791430772509387_n-1-768x1024.jpg 768w, https:\/\/hairyhuskieshundesalon.dk\/wp-content\/uploads\/2026\/03\/650414493_18060010799397505_4124791430772509387_n-1-225x300.jpg 225w, https:\/\/hairyhuskieshundesalon.dk\/wp-content\/uploads\/2026\/03\/650414493_18060010799397505_4124791430772509387_n-1-1152x1536.jpg 1152w, https:\/\/hairyhuskieshundesalon.dk\/wp-content\/uploads\/2026\/03\/650414493_18060010799397505_4124791430772509387_n-1.jpg 1242w\" sizes=\"auto, (max-width: 768px) 100vw, 768px\" \/><\/figure>\n\n\n\n<p><\/p>\n\n\n\n<h2 class=\"wp-block-heading has-text-align-center\">F\u00f8r<\/h2>\n\n\n\n<figure class=\"wp-block-image aligncenter size-large is-resized\"><img loading=\"lazy\" decoding=\"async\" width=\"768\" height=\"1024\" src=\"https:\/\/hairyhuskieshundesalon.dk\/wp-content\/uploads\/2026\/03\/651348842_18060010835397505_6399194316572728429_n-768x1024.jpg\" alt=\"\" class=\"wp-image-114\" style=\"aspect-ratio:0.7500115799712817;width:572px;height:auto\" srcset=\"https:\/\/hairyhuskieshundesalon.dk\/wp-content\/uploads\/2026\/03\/651348842_18060010835397505_6399194316572728429_n-768x1024.jpg 768w, https:\/\/hairyhuskieshundesalon.dk\/wp-content\/uploads\/2026\/03\/651348842_18060010835397505_6399194316572728429_n-225x300.jpg 225w, https:\/\/hairyhuskieshundesalon.dk\/wp-content\/uploads\/2026\/03\/651348842_18060010835397505_6399194316572728429_n.jpg 900w\" sizes=\"auto, (max-width: 768px) 100vw, 768px\" \/><\/figure>\n\n\n\n<p><\/p>\n\n\n\n<h2 class=\"wp-block-heading has-text-align-center\">Efter<\/h2>\n\n\n\n<figure class=\"wp-block-image aligncenter size-large is-resized\"><img loading=\"lazy\" decoding=\"async\" width=\"576\" height=\"1024\" src=\"https:\/\/hairyhuskieshundesalon.dk\/wp-content\/uploads\/2026\/04\/649856307_122105292927274318_3523905350106671444_n-576x1024.jpg\" alt=\"\" class=\"wp-image-264\" style=\"width:573px;height:auto\" srcset=\"https:\/\/hairyhuskieshundesalon.dk\/wp-content\/uploads\/2026\/04\/649856307_122105292927274318_3523905350106671444_n-576x1024.jpg 576w, https:\/\/hairyhuskieshundesalon.dk\/wp-content\/uploads\/2026\/04\/649856307_122105292927274318_3523905350106671444_n-169x300.jpg 169w, https:\/\/hairyhuskieshundesalon.dk\/wp-content\/uploads\/2026\/04\/649856307_122105292927274318_3523905350106671444_n-768x1365.jpg 768w, https:\/\/hairyhuskieshundesalon.dk\/wp-content\/uploads\/2026\/04\/649856307_122105292927274318_3523905350106671444_n-864x1536.jpg 864w, https:\/\/hairyhuskieshundesalon.dk\/wp-content\/uploads\/2026\/04\/649856307_122105292927274318_3523905350106671444_n.jpg 1152w\" sizes=\"auto, (max-width: 576px) 100vw, 576px\" \/><\/figure>\n\n\n\n<figure class=\"wp-block-image aligncenter size-full is-resized\"><img loading=\"lazy\" decoding=\"async\" width=\"405\" height=\"540\" src=\"https:\/\/hairyhuskieshundesalon.dk\/wp-content\/uploads\/2026\/03\/651003157_18060010904397505_7213474160214842996_n-2.jpg\" alt=\"\" class=\"wp-image-159\" style=\"width:569px;height:auto\" srcset=\"https:\/\/hairyhuskieshundesalon.dk\/wp-content\/uploads\/2026\/03\/651003157_18060010904397505_7213474160214842996_n-2.jpg 405w, https:\/\/hairyhuskieshundesalon.dk\/wp-content\/uploads\/2026\/03\/651003157_18060010904397505_7213474160214842996_n-2-225x300.jpg 225w\" sizes=\"auto, (max-width: 405px) 100vw, 405px\" \/><\/figure>\n\n\n\n<p><\/p>\n\n\n\n<h2 class=\"wp-block-heading has-text-align-center\">F\u00f8r<\/h2>\n\n\n\n<figure class=\"wp-block-image aligncenter size-large is-resized\"><img loading=\"lazy\" decoding=\"async\" width=\"576\" height=\"1024\" src=\"https:\/\/hairyhuskieshundesalon.dk\/wp-content\/uploads\/2026\/03\/image-5-576x1024.png\" alt=\"\" class=\"wp-image-103\" style=\"aspect-ratio:0.5625041037811067;width:568px;height:auto\" srcset=\"https:\/\/hairyhuskieshundesalon.dk\/wp-content\/uploads\/2026\/03\/image-5-576x1024.png 576w, https:\/\/hairyhuskieshundesalon.dk\/wp-content\/uploads\/2026\/03\/image-5-169x300.png 169w, https:\/\/hairyhuskieshundesalon.dk\/wp-content\/uploads\/2026\/03\/image-5-768x1365.png 768w, https:\/\/hairyhuskieshundesalon.dk\/wp-content\/uploads\/2026\/03\/image-5-864x1536.png 864w, https:\/\/hairyhuskieshundesalon.dk\/wp-content\/uploads\/2026\/03\/image-5.png 1152w\" sizes=\"auto, (max-width: 576px) 100vw, 576px\" \/><\/figure>\n\n\n\n<p><\/p>\n\n\n\n<h2 class=\"wp-block-heading has-text-align-center\">Efter<\/h2>\n\n\n\n<figure class=\"wp-block-image aligncenter size-large is-resized\"><img loading=\"lazy\" decoding=\"async\" width=\"576\" height=\"1024\" src=\"https:\/\/hairyhuskieshundesalon.dk\/wp-content\/uploads\/2026\/03\/652957307_122106026391274318_8624862159027725327_n-1-576x1024.jpg\" alt=\"\" class=\"wp-image-154\" style=\"aspect-ratio:0.562505957941698;width:565px;height:auto\" srcset=\"https:\/\/hairyhuskieshundesalon.dk\/wp-content\/uploads\/2026\/03\/652957307_122106026391274318_8624862159027725327_n-1-576x1024.jpg 576w, https:\/\/hairyhuskieshundesalon.dk\/wp-content\/uploads\/2026\/03\/652957307_122106026391274318_8624862159027725327_n-1-169x300.jpg 169w, https:\/\/hairyhuskieshundesalon.dk\/wp-content\/uploads\/2026\/03\/652957307_122106026391274318_8624862159027725327_n-1-768x1365.jpg 768w, https:\/\/hairyhuskieshundesalon.dk\/wp-content\/uploads\/2026\/03\/652957307_122106026391274318_8624862159027725327_n-1-864x1536.jpg 864w, https:\/\/hairyhuskieshundesalon.dk\/wp-content\/uploads\/2026\/03\/652957307_122106026391274318_8624862159027725327_n-1.jpg 1152w\" sizes=\"auto, (max-width: 576px) 100vw, 576px\" \/><\/figure>\n\n\n\n<figure class=\"wp-block-image aligncenter size-large is-resized\"><img loading=\"lazy\" decoding=\"async\" width=\"576\" height=\"1024\" src=\"https:\/\/hairyhuskieshundesalon.dk\/wp-content\/uploads\/2026\/03\/653119505_122106026421274318_1063330767641604936_n-576x1024.jpg\" alt=\"\" class=\"wp-image-155\" style=\"aspect-ratio:0.562512903701519;width:561px;height:auto\" srcset=\"https:\/\/hairyhuskieshundesalon.dk\/wp-content\/uploads\/2026\/03\/653119505_122106026421274318_1063330767641604936_n-576x1024.jpg 576w, https:\/\/hairyhuskieshundesalon.dk\/wp-content\/uploads\/2026\/03\/653119505_122106026421274318_1063330767641604936_n-169x300.jpg 169w, https:\/\/hairyhuskieshundesalon.dk\/wp-content\/uploads\/2026\/03\/653119505_122106026421274318_1063330767641604936_n-768x1365.jpg 768w, https:\/\/hairyhuskieshundesalon.dk\/wp-content\/uploads\/2026\/03\/653119505_122106026421274318_1063330767641604936_n-864x1536.jpg 864w, https:\/\/hairyhuskieshundesalon.dk\/wp-content\/uploads\/2026\/03\/653119505_122106026421274318_1063330767641604936_n.jpg 1152w\" sizes=\"auto, (max-width: 576px) 100vw, 576px\" \/><\/figure>\n\n\n\n<p><\/p>\n\n\n\n<h2 class=\"wp-block-heading has-text-align-center\">F\u00f8r<\/h2>\n\n\n\n<figure class=\"wp-block-image aligncenter size-full is-resized\"><img loading=\"lazy\" decoding=\"async\" width=\"360\" height=\"640\" src=\"https:\/\/hairyhuskieshundesalon.dk\/wp-content\/uploads\/2026\/03\/Bertha-foer-1-2.jpg\" alt=\"\" class=\"wp-image-156\" style=\"aspect-ratio:0.5625094711319897;width:564px;height:auto\" srcset=\"https:\/\/hairyhuskieshundesalon.dk\/wp-content\/uploads\/2026\/03\/Bertha-foer-1-2.jpg 360w, https:\/\/hairyhuskieshundesalon.dk\/wp-content\/uploads\/2026\/03\/Bertha-foer-1-2-169x300.jpg 169w\" sizes=\"auto, (max-width: 360px) 100vw, 360px\" \/><\/figure>\n\n\n\n<figure class=\"wp-block-image aligncenter size-full is-resized\"><img loading=\"lazy\" decoding=\"async\" width=\"360\" height=\"640\" src=\"https:\/\/hairyhuskieshundesalon.dk\/wp-content\/uploads\/2026\/03\/Bertha-foer-2-5.jpg\" alt=\"\" class=\"wp-image-157\" style=\"aspect-ratio:0.5625098533816806;width:560px;height:auto\" srcset=\"https:\/\/hairyhuskieshundesalon.dk\/wp-content\/uploads\/2026\/03\/Bertha-foer-2-5.jpg 360w, https:\/\/hairyhuskieshundesalon.dk\/wp-content\/uploads\/2026\/03\/Bertha-foer-2-5-169x300.jpg 169w\" sizes=\"auto, (max-width: 360px) 100vw, 360px\" \/><\/figure>\n\n\n\n<p><\/p>\n\n\n\n<h2 class=\"wp-block-heading has-text-align-center\">Efter<\/h2>\n\n\n\n<figure class=\"wp-block-image aligncenter size-full is-resized\"><img loading=\"lazy\" decoding=\"async\" width=\"360\" height=\"640\" src=\"https:\/\/hairyhuskieshundesalon.dk\/wp-content\/uploads\/2026\/03\/Bertha-efter-1-5.jpg\" alt=\"\" class=\"wp-image-139\" style=\"width:562px;height:auto\" srcset=\"https:\/\/hairyhuskieshundesalon.dk\/wp-content\/uploads\/2026\/03\/Bertha-efter-1-5.jpg 360w, https:\/\/hairyhuskieshundesalon.dk\/wp-content\/uploads\/2026\/03\/Bertha-efter-1-5-169x300.jpg 169w\" sizes=\"auto, (max-width: 360px) 100vw, 360px\" \/><\/figure>\n\n\n\n<figure class=\"wp-block-image aligncenter size-full is-resized\"><img loading=\"lazy\" decoding=\"async\" width=\"640\" height=\"360\" src=\"https:\/\/hairyhuskieshundesalon.dk\/wp-content\/uploads\/2026\/03\/Bertha-efter-2-2.jpg\" alt=\"\" class=\"wp-image-140\" style=\"width:560px;height:auto\" srcset=\"https:\/\/hairyhuskieshundesalon.dk\/wp-content\/uploads\/2026\/03\/Bertha-efter-2-2.jpg 640w, https:\/\/hairyhuskieshundesalon.dk\/wp-content\/uploads\/2026\/03\/Bertha-efter-2-2-300x169.jpg 300w\" sizes=\"auto, (max-width: 640px) 100vw, 640px\" \/><\/figure>\n\n\n\n<figure class=\"wp-block-image aligncenter size-large is-resized\"><img loading=\"lazy\" decoding=\"async\" width=\"1024\" height=\"683\" src=\"https:\/\/hairyhuskieshundesalon.dk\/wp-content\/uploads\/2026\/03\/Bertha-efter-3-1-1024x683.jpg\" alt=\"\" class=\"wp-image-141\" style=\"aspect-ratio:1.4992749637481875;width:560px;height:auto\" srcset=\"https:\/\/hairyhuskieshundesalon.dk\/wp-content\/uploads\/2026\/03\/Bertha-efter-3-1-1024x683.jpg 1024w, https:\/\/hairyhuskieshundesalon.dk\/wp-content\/uploads\/2026\/03\/Bertha-efter-3-1-300x200.jpg 300w, https:\/\/hairyhuskieshundesalon.dk\/wp-content\/uploads\/2026\/03\/Bertha-efter-3-1-768x512.jpg 768w, https:\/\/hairyhuskieshundesalon.dk\/wp-content\/uploads\/2026\/03\/Bertha-efter-3-1.jpg 1536w\" sizes=\"auto, (max-width: 1024px) 100vw, 1024px\" \/><\/figure>\n\n\n\n<p><\/p>\n\n\n\n<h2 class=\"wp-block-heading has-text-align-center\">F\u00f8r <\/h2>\n\n\n\n<figure class=\"wp-block-image aligncenter size-large is-resized\"><img loading=\"lazy\" decoding=\"async\" width=\"1024\" height=\"576\" src=\"https:\/\/hairyhuskieshundesalon.dk\/wp-content\/uploads\/2026\/03\/Bailey-foer-2-1-1024x576.jpg\" alt=\"\" class=\"wp-image-144\" style=\"width:559px;height:auto\" srcset=\"https:\/\/hairyhuskieshundesalon.dk\/wp-content\/uploads\/2026\/03\/Bailey-foer-2-1-1024x576.jpg 1024w, https:\/\/hairyhuskieshundesalon.dk\/wp-content\/uploads\/2026\/03\/Bailey-foer-2-1-300x169.jpg 300w, https:\/\/hairyhuskieshundesalon.dk\/wp-content\/uploads\/2026\/03\/Bailey-foer-2-1-768x432.jpg 768w, https:\/\/hairyhuskieshundesalon.dk\/wp-content\/uploads\/2026\/03\/Bailey-foer-2-1-1536x864.jpg 1536w, https:\/\/hairyhuskieshundesalon.dk\/wp-content\/uploads\/2026\/03\/Bailey-foer-2-1-2048x1152.jpg 2048w\" sizes=\"auto, (max-width: 1024px) 100vw, 1024px\" \/><\/figure>\n\n\n\n<p><\/p>\n\n\n\n<h2 class=\"wp-block-heading has-text-align-center\">Efter<\/h2>\n\n\n\n<figure class=\"wp-block-image aligncenter size-large is-resized\"><img loading=\"lazy\" decoding=\"async\" width=\"1024\" height=\"576\" src=\"https:\/\/hairyhuskieshundesalon.dk\/wp-content\/uploads\/2026\/03\/Bailey-efter-2-1-1024x576.jpg\" alt=\"\" class=\"wp-image-149\" style=\"width:560px;height:auto\" srcset=\"https:\/\/hairyhuskieshundesalon.dk\/wp-content\/uploads\/2026\/03\/Bailey-efter-2-1-1024x576.jpg 1024w, https:\/\/hairyhuskieshundesalon.dk\/wp-content\/uploads\/2026\/03\/Bailey-efter-2-1-300x169.jpg 300w, https:\/\/hairyhuskieshundesalon.dk\/wp-content\/uploads\/2026\/03\/Bailey-efter-2-1-768x432.jpg 768w, https:\/\/hairyhuskieshundesalon.dk\/wp-content\/uploads\/2026\/03\/Bailey-efter-2-1-1536x864.jpg 1536w, https:\/\/hairyhuskieshundesalon.dk\/wp-content\/uploads\/2026\/03\/Bailey-efter-2-1-2048x1152.jpg 2048w\" sizes=\"auto, (max-width: 1024px) 100vw, 1024px\" \/><\/figure>\n\n\n\n<figure class=\"wp-block-image aligncenter size-large is-resized\"><img loading=\"lazy\" decoding=\"async\" width=\"576\" height=\"1024\" src=\"https:\/\/hairyhuskieshundesalon.dk\/wp-content\/uploads\/2026\/03\/Bailey-efter-1-1-576x1024.jpg\" alt=\"\" class=\"wp-image-150\" style=\"aspect-ratio:0.5625054523248714;width:564px;height:auto\" srcset=\"https:\/\/hairyhuskieshundesalon.dk\/wp-content\/uploads\/2026\/03\/Bailey-efter-1-1-576x1024.jpg 576w, https:\/\/hairyhuskieshundesalon.dk\/wp-content\/uploads\/2026\/03\/Bailey-efter-1-1-169x300.jpg 169w, https:\/\/hairyhuskieshundesalon.dk\/wp-content\/uploads\/2026\/03\/Bailey-efter-1-1-768x1365.jpg 768w, https:\/\/hairyhuskieshundesalon.dk\/wp-content\/uploads\/2026\/03\/Bailey-efter-1-1-864x1536.jpg 864w, https:\/\/hairyhuskieshundesalon.dk\/wp-content\/uploads\/2026\/03\/Bailey-efter-1-1-1152x2048.jpg 1152w, https:\/\/hairyhuskieshundesalon.dk\/wp-content\/uploads\/2026\/03\/Bailey-efter-1-1.jpg 1242w\" sizes=\"auto, (max-width: 576px) 100vw, 576px\" \/><\/figure>\n\n\n\n<p><\/p>\n\n\n\n<p><\/p>\n\n\n\n<h2 class=\"wp-block-heading\"><\/h2>\n","protected":false},"excerpt":{"rendered":"<p>F\u00f8r Efter F\u00f8r Efter F\u00f8r Efter F\u00f8r Efter F\u00f8r Efter F\u00f8r Efter<\/p>\n","protected":false},"author":1,"featured_media":0,"parent":0,"menu_order":0,"comment_status":"closed","ping_status":"closed","template":"","meta":{"footnotes":""},"class_list":["post-77","page","type-page","status-publish","hentry"],"_links":{"self":[{"href":"https:\/\/hairyhuskieshundesalon.dk\/index.php?rest_route=\/wp\/v2\/pages\/77","targetHints":{"allow":["GET"]}}],"collection":[{"href":"https:\/\/hairyhuskieshundesalon.dk\/index.php?rest_route=\/wp\/v2\/pages"}],"about":[{"href":"https:\/\/hairyhuskieshundesalon.dk\/index.php?rest_route=\/wp\/v2\/types\/page"}],"author":[{"embeddable":true,"href":"https:\/\/hairyhuskieshundesalon.dk\/index.php?rest_route=\/wp\/v2\/users\/1"}],"replies":[{"embeddable":true,"href":"https:\/\/hairyhuskieshundesalon.dk\/index.php?rest_route=%2Fwp%2Fv2%2Fcomments&post=77"}],"version-history":[{"count":15,"href":"https:\/\/hairyhuskieshundesalon.dk\/index.php?rest_route=\/wp\/v2\/pages\/77\/revisions"}],"predecessor-version":[{"id":265,"href":"https:\/\/hairyhuskieshundesalon.dk\/index.php?rest_route=\/wp\/v2\/pages\/77\/revisions\/265"}],"wp:attachment":[{"href":"https:\/\/hairyhuskieshundesalon.dk\/index.php?rest_route=%2Fwp%2Fv2%2Fmedia&parent=77"}],"curies":[{"name":"wp","href":"https:\/\/api.w.org\/{rel}","templated":true}]}}